 15) to base 11
-1227
Convert -4533 (base 8) to base 14.
-c31
What is -2857 (base 11) in base 13?
-18b0
1877 (base 11) to base 14
c23
Convert 885 (base 10) to base 11.
735
Convert -43415 (base 7) to base 12.
-6335
What is -30 (base 6) in base 9?
-20
-21340 (base 5) to base 8
-2676
Convert ca (base 13) to base 10.
166
What is 11605 (base 13) in base 6?
403041
Convert 63 (base 8) to base 3.
1220
What is 101101111 (base 2) in base 5?
2432
What is -1602 (base 7) in base 6?
-2543
Convert -14a (base 15) to base 6.
-1211
Convert -ab93 (base 15) to base 13.
-13722
What is -357 (base 14) in base 9?
-818
What is -79a4 (base 14) in base 6?
-241432
What is -1111101 (base 3) in base 2?
-10001000010
What is -31220 (base 4) in base 15?
-3d2
-25b8 (base 12) to base 14
-1804
1100232 (base 4) to base 15
17e6
What is -3000001 (base 4) in base 6?
-132521
15205 (base 7) to base 2
1000001111011
Convert -1664 (base 14) to base 4.
-332220
What is 4566 (base 7) in base 8?
3201
Convert -4a1 (base 14) to base 13.
-562
What is -544b (base 15) in base 16?
-45b6
-23918 (base 10) to base 14
-8a06
Convert 154122 (base 6) to base 12.
8942
What is -101001010 (base 2) in base 3?
-110020
What is -12154 (base 11) in base 6?
-212535
Convert 213 (base 13) to base 2.
101100010
Convert 60c3 (base 14) to base 15.
4de0
What is 4261 (base 9) in base 10?
3133
Convert -cf97 (base 16) to base 13.
-1b25c
253 (base 13) to base 3
120001
Convert -1023323 (base 4) to base 16.
-12fb
-54052 (base 6) to base 9
-11105
100011101101 (base 2) to base 11
1798
What is -206c6 (base 14) in base 16?
-13166
Convert -206 (base 9) to base 8.
-250
What is -3451 (base 7) in base 3?
-1201201
What is 1ac0 (base 15) in base 6?
42513
What is 1001000010 (base 2) in base 9?
712
Convert 30732 (base 8) to base 14.
4918
Convert -18001 (base 9) to base 16.
-306a
Convert -222012 (base 3) to base 8.
-1303
Convert -2158 (base 11) to base 15.
-c9b
13324 (base 6) to base 13
c31
Convert -3040 (base 5) to base 12.
-28b
Convert -413 (base 12) to base 9.
-726
aa3 (base 13) to base 11
1408
Convert -a75 (base 13) to base 6.
-12134
Convert 4104 (base 12) to base 9.
10614
What is -330 (base 6) in base 2?
-1111110
Convert -34 (base 6) to base 7.
-31
What is 243005 (base 6) in base 16?
538d
What is -5107 (base 11) in base 13?
-311a
What is -1100201 (base 3) in base 4?
-33133
Convert -3441 (base 7) to base 2.
-10011100110
What is 761b (base 12) in base 3?
122210212
Convert 1220111 (base 3) to base 9.
1814
-436 (base 16) to base 5
-13303
What is -767 (base 16) in base 8?
-3547
What is 101 (base 15) in base 8?
342
-163 (base 13) to base 11
-208
1435 (base 6) to base 15
1a8
What is -24bd (base 14) in base 8?
-14447
What is -1762 (base 9) in base 10?
-1352
-1100100110 (base 2) to base 7
-2231
What is 65f (base 16) in base 11?
1253
What is -22431 (base 7) in base 5?
-140311
What is -2690 (base 14) in base 10?
-6790
202120 (base 3) to base 4
20223
20010200 (base 3) to base 11
33a7
-13455 (base 6) to base 12
-128b
What is 20220212 (base 3) in base 7?
20465
What is -1010010001011 (base 2) in base 15?
-1859
1146 (base 14) to base 15
d52
What is 1198 (base 10) in base 7?
3331
Convert 10000111010111000 (base 2) to base 14.
1b384
What is -58 (base 13) in base 8?
-111
Convert -2324212 (base 5) to base 2.
-1010010111000000
What is -2122002 (base 5) in base 14?
-d109
-5015 (base 7) to base 5
-23402
What is -10101000100 (base 2) in base 10?
-1348
What is -100043 (base 5) in base 13?
-1582
-441 (base 7) to base 12
-169
Convert -1a9 (base 12) to base 9.
-333
30155 (base 6) to base 12
235b
Convert 2110220 (base 3) to base 15.
806
Convert -a3 (base 14) to base 9.
-168
What is -132342 (base 9) in base 10?
-80471
Convert -4324 (base 11) to base 4.
-1121101
-27552 (base 8) to base 14
-45d0
-515 (base 8) to base 14
-19b
300033 (base 4) to base 11
2357
Convert 637 (base 13) to base 16.
424
Convert 8492 (base 10) to base 3.
102122112
-540255 (base 6) to base 9
-66528
What is 4bee (base 15) in base 6?
202555
What is -5044 (base 7) in base 16?
-6d3
Convert -3230 (base 4) to base 5.
-1421
Convert 444 (base 13) to base 6.
3220
Convert 3230 (base 4) to base 12.
178
-20010 (base 3) to base 12
-119
-3120 (base 6) to base 14
-37a
Convert 726 (base 12) to base 3.
1102110
Convert 2761 (base 8) to base 16.
5f1
-101111000010 (base 2) to base 5
-44020
-1204 (base 7) to base 13
-283
1213 (base 8) to base 9
803
What is -101103 (base 6) in base 8?
-17537
Convert -33 (base 6) to base 2.
-10101
Convert 150 (base 9) to base 5.
1001
What is 17622 (base 9) in base 7?
50324
What is 224032 (base 5) in base 2?
1111101010001
What is 514 (base 9) in base 14?
21c
Convert 1201 (base 6) to base 4.
10201
Convert 6575 (base 13) to base 3.
201101002
Convert 10001100 (base 2) to base 3.
12012
What is 10492 (base 10) in base 9?
15347
Convert -163 (base 11) to base 16.
-be
What is -1111101000 (base 2) in base 10?
-1000
-553132 (base 6) to base 4
-23033300
Convert -63 (base 8) to base 2.
-110011
What is -132300 (base 5) in base 6?
-40353
-2201122212 (base 3) to base 9
-81585
-2840 (base 11) to base 2
-111001011010
What is 635 (base 7) in base 4?
11000
Convert 52147 (base 9) to base 11.
23921
Convert f5 (base 16) to base 11.
203
Convert -12465 (base 15) to base 4.
-32100002
-1234010 (base 5) to base 9
-36240
What is -24431 (base 5) in base 9?
-2503
Convert -237 (base 10) to base 14.
-12d
Convert 10020221 (base 3) to base 16.
946
What is 310522 (base 7) in base 9?
80731
What is -44 (base 7) in base 3?
-1012
What is 34425 (base 7) in base 16?
2256
a1 (base 11) to base 8
157
Convert -3826 (base 11) to base 3.
-20211210
What is 8558 (base 9) in base 8?
14222
-1312 (base 5) to base 7
-414
What is -2022 (base 6) in base 4?
-12332
59a (base 12) to base 15
3ad
Convert -3545 (base 6) to base 14.
-453
Convert 57321 (base 8) to base 13.
b082
What is -10d (base 14) in base 8?
-321
3190 (base 10) to base 8
6166
What is 1511 (base 12) in base 16?
99d
-81 (base 11) to base 6
-225
What is -1110102 (base 3) in base 5?
-13224
-552 (base 11) to base 15
-2e2
Convert 544 (base 6) to base 4.
3100
Convert -796 (base 11) to base 5.
-12302
What is 143042 (base 5) in base 7?
23362
What is 31110202 (base 4) in base 13?
1bab1
Convert -516 (base 13) to base 7.
-2343
What is -12232102 (base 4) in base 8?
-65622
61302 (base 7) to base 5
434043
What is -2141 (base 5) in base 14?
-172
-209 (base 12) to base 4
-10221
Convert -406 (base 13) to base 3.
-221021
-1264 (base 9) to base 13
-580
-1a04a (base 11) to base 13
-c993
Convert -2110302 (base 4) to base 8.
-22462
Convert -31321322 (base 4) to base 14.
-16a82
-b88 (base 15) to base 4
-220223
cc (base 16) to base 8
314
What is -8181 (base 12) in base 14?
-51a9
Convert 1230030 (base 4) to base 15.
20b9
What is -3657 (base 12) in base 10?
-6115
Convert 13023 (base 4) to base 16.
1cb
What is -1d8 (base 14) in base 15?
-1ab
What is 4a12 (base 15) in base 7?
63653
Convert -14bb (base 12) to base 11.
-1925
What is -1110111011001 (base 2) in base 3?
-101111000
-5a7 (base 11) to base 7
-2051
Convert 100001101010110 (base 2) to base 12.
9b86
What is -55806 (base 9) in base 2?
-1001000011110000
Convert 13111 (base 4) to base 3.
122101
Convert 2b9 (base 13) to base 9.
604
-2a1 (base 14) to base 3
-201202
-3230 (base 5) to base 10
-440
Convert 240 (base 6) to base 10.
96
-25212 (base 8) to base 9
-15840
Convert 1239 (base 15) to base 10.
3879
154 (base 9) to base 14
94
Convert 10012211 (base 3) to base 4.
210220
What is -45076 (base 8) in base 2?
-100101000111110
What is -20487 (base 9) in base 11?
-a186
-122122201 (base 3) to base 7
-52345
What is 7881 (base 9) in base 8?
13300
What is 517 (base 12) in base 7?
2104
Convert -359 (base 10) to base 3.
-111022
What is 1110 (base 8) in base 4?
21020
What is 1210002 (base 5) in base 10?
22502
20544 (base 6) to base 14
1040
Convert 23220 (base 5) to base 10.
1685
Convert -1101331 (base 4) to base 3.
-21012021
What is -231 (base 15) in base 6?
-2144
Convert -2a8a (base 12) to base 10.
-5002
Convert -11211 (base 10) to base 16.
-2bcb
What is 2131430 (base 5) in base 9?
55044
Convert -6331 (base 7) to base 2.
-100010110011
Convert 3663 (base 9) to base 16.
aaa
Convert -7b1b (base 13) to base 11.
-11a73
What is 3454 (base 9) in base 11?
1a18
What i